 5*p - 2020, 4*p - v = 2*p + m. What is the units digit of p?
1
Let y = 89222 + -48697. What is the units digit of y?
5
Suppose -l = -3*z - 21, -3*l = -z - 12 - 19. What is the hundreds digit of (30/l)/((-38)/(-1539))?
1
Let d(y) = 43*y**3 - 61*y**2 + 38*y - 12. What is the tens digit of d(6)?
0
Suppose k = 2*k - 3*t - 12, 12 = 2*k - 2*t. Suppose 0 = -k*w + 522 + 3. Let s = -113 + w. What is the units digit of s?
2
Let a be (61/7 - 64/(-224)) + -4. Let f(h) = 2*h**3 + 7*h**2 + 14*h - 8. What is the units digit of f(a)?
7
What is the tens digit of ((-486)/4)/((-12)/66 - (-194)/1188)?
6
What is the ten thousands digit of (-15)/18 - (-1 + (-7)/(-6)) - -17910?
1
Suppose 20*c = 100 + 400. Suppose 1716 = c*m + m. What is the tens digit of m?
6
Suppose 0 = -11*t - 38960 + 213421 + 61005. What is the ten thousands digit of t?
2
Let c = -2129 + 6534. What is the hundreds digit of c?
4
Let z(c) = 13*c**3 - 7*c + 5. Let y be -1 + (5 - 0)/5. Suppose y*a = 2*a - 4. What is the tens digit of z(a)?
9
Let g(k) = -4*k**2 - 5*k + 40. Let v be g(8). Let i = v - -493. What is the tens digit of i?
3
Suppose -156457*a - 385200 = -156467*a. What is the units digit of a?
0
Let q(u) = -119*u - 124. Let n be -21*(-4)/12*-1. What is the hundreds digit of q(n)?
7
Suppose -43 = -9*u + 2. Suppose 0 = -4*h - 2*v + 542, -u*h - v = -132 - 553. What is the hundreds digit of h?
1
Let t(a) = 5*a - 6. Let m be t(-3). Let c be 2/(-7) - (-414)/m. Let w = 81 + c. What is the tens digit of w?
6
Let c(j) = -111*j**2 + j + 15. Let t(v) = -166*v**2 + v + 24. Let a(x) = -8*c(x) + 5*t(x). What is the hundreds digit of a(4)?
9
Let a = 51977 - 35082. What is the ten thousands digit of a?
1
Let z = 7819 - 5440. What is the thousands digit of z?
2
Let z(m) = -9*m - 27. Let i(c) = c. Let u(s) = 2*i(s) - z(s). Let n be u(10). Let w = n - 47. What is the units digit of w?
0
Suppose 36 = 778*y - 774*y. Let a(g) = -4 + 19*g - 16 - 2. What is the units digit of a(y)?
9
Suppose 0 = 13*u - 50969 - 851676 + 98400. What is the units digit of u?
5
Let x(d) = -d + 34. Let i be x(20). Let j(v) = v**3 - 9*v**2 + 15*v - 6. Let l(r) = r**2 + r. Let h(p) = -j(p) + 6*l(p). What is the units digit of h(i)?
6
Let i be (48/36)/((-2)/(-9)). Suppose -g = -i*g. Suppose 8 = x - g*x + d, -3*d + 3 = 0. What is the units digit of x?
7
Suppose t - 3*t = -4. Suppose t*n - r + 4 = -0*r, -4*r + 16 = 0. Suppose 48 = -n*u + 2*u. What is the units digit of u?
4
What is the units digit of (3/(-3))/((-17)/215968)?
4
What is the hundreds digit of (-102818)/(-8) - ((-10)/40)/((-8)/(-24))?
8
Suppose -75*g - 321104 = -103*g. What is the hundreds digit of g?
4
Let u be 9/6 + 2781/6. What is the tens digit of (u/60)/((-1)/(-280)*2)?
8
Suppose 11*u = 12*u + 4*a - 1380, -4*a - 4172 = -3*u. Suppose 3*i = -140 + u. What is the hundreds digit of i?
4
Suppose -z = -5300 + 5302, 0 = -3*q - 5*z + 192602. What is the thousands digit of q?
4
Suppose 34*v = 38*v - 88. Suppose -3*s + v - 19 = 0. What is the units digit of s?
1
What is the thousands digit of -3 + (5*355 - (-13 - -13))?
1
Suppose -4*x + l = 321, -5*l + 254 + 71 = -4*x. Let g be (-8)/(-10) - 6896/x. Let c = g + 34. What is the tens digit of c?
2
Let g(t) = 2*t**2 + 10*t - 35. Let h(l) = 26*l - 117. Let y be h(5). What is the tens digit of g(y)?
3
What is the thousands digit of (-553750)/(-350) + (4 + -7)/21?
1
Let s be ((-10)/(-6)*-1)/((-75)/180). What is the tens digit of (-9936)/(-21) + s/(-28)?
7
What is the hundreds digit of 6/(-14) + (-294055)/(-161)?
8
What is the units digit of (9/(-12))/((-30)/38560)?
4
What is the ten thousands digit of 6 - 2 - (-395220)/14?
2
Suppose 7 = 3*f - 2*o, 3*f - 7 = 2*f - 4*o. Suppose -5*u + 15 = 0, -f*u + 21 = n + 3*n. Let m(j) = 47*j. What is the hundreds digit of m(n)?
1
Let m be -2*(4/(-2) + 1). Let o(u) = -2 + 5 - 3*u - u + 68*u**m. What is the tens digit of o(1)?
6
Let l(i) be the first derivative of 25*i**3 - 4*i**2 + 16*i + 58. What is the tens digit of l(3)?
6
Let j(p) = -5*p**3 - 3*p**2 + 5*p + 3. Let t(a) = a**3 + 7*a**2 + 9*a + 15. Let k be 3/18 + (-259)/42. Let d be t(k). What is the units digit of j(d)?
6
Let h = -4889 - -4889. Let q be 2*2*(-1)/(-2). Suppose h = -q*c + 165 + 291. What is the tens digit of c?
2
Let w(t) = 26325*t + 57. What is the units digit of w(1)?
2
Suppose 14*i - 9*i = 2*q - 23, -5*i = 5*q + 30. What is the hundreds digit of 1265 + (14 - 7) - i?
2
Let c = -67 - -70. Let x(f) = 4*f**3 - 6*f**2 + 3*f + 3. Let p be x(c). Let d = p + 127. What is the tens digit of d?
9
Let f = 3725 + 869. What is the units digit of f?
4
Suppose -24*f + 32*f - 25*f + 971380 = 0. What is the units digit of f?
0
Let k(j) be the first derivative of j**4/2 - j**3 - j**2/2 + 4*j + 23. Suppose 4*p = -4*v + 4, 2*v - p - 11 = -3. What is the tens digit of k(v)?
2
Let n(t) be the third derivative of t**6/120 + 2*t**5/15 - 5*t**4/12 - t**3/2 + 40*t**2 - t. Let s = -12 - -4. What is the tens digit of n(s)?
7
Suppose -23*q = -19*q. Suppose 2*s - 270 = -v, q*v = v - 3*s - 270. What is the tens digit of v?
7
Let g(r) = r**3 - 35*r**2 + r - 35. Let k be g(35). Suppose -12*o + 4584 = -k*o. What is the tens digit of o?
8
Suppose -2*k = -5*h - 1425, 5*h - 3*k = -0*k - 1425. Let y = -165 - h. Suppose 0 = -0*g + 2*g - u - 58, 4*g - y = u. What is the units digit of g?
1
Suppose -d = -6*d + 20. Suppose -34*q + d = -32*q. What is the tens digit of (-1445)/(-35) - 7/(49/q)?
4
Let d(c) = 564*c + 124. What is the units digit of d(7)?
2
Suppose 0 = -o + 4*o + 8352. What is the tens digit of (2/(-4))/(16/o)?
8
Suppose -488*h + t = -491*h + 109735, 146345 = 4*h - 5*t. What is the ten thousands digit of h?
3
Let q(m) = m**2 + 922. Let u(s) = s**3 + 27*s**2 - 58*s. Let i be u(-29). Let y be q(i). What is the units digit of 1/3 - y/(-6)?
4
What is the tens digit of ((-2)/7 - 740/7)*(65 + -117)?
1
Let l(t) = 0 - t + 14*t**2 - 7 - 6*t + 2*t. What is the tens digit of l(-2)?
5
Let x = -387 - -530. What is the hundreds digit of (-22)/x + 80/13 - -258?
2
Suppose -5*v + 121 = 1. What is the tens digit of v/(-18) + 5457/9?
0
Let j be (-26 - (-1 + 2))*1326/(-117). Let g = 578 - j. Let t = -97 + g. What is the units digit of t?
5
Let g(v) = 240*v + 7. Let l(y) = -4*y + 32. Let p be l(7). What is the tens digit of g(p)?
6
Suppose -4*l = 2*q - 17 - 41, q - 24 = 3*l. Suppose 122 - q = 2*z + 3*m, 110 = 3*z - 2*m. What is the units digit of z?
0
Let p(u) = 2*u**3 + 4*u**2 - 5*u - 27. Let w be p(6). Suppose 4*d + w = i, -2*i - 3*d + 1228 = 234. What is the hundreds digit of i?
5
Let o(x) be the second derivative of 142*x**3/3 - 25*x**2 + 2*x + 52. What is the hundreds digit of o(5)?
3
Let s(c) = 5*c - 4*c + 5 + 26. Let o be s(-10). Suppose -11*v + 12 = -o. What is the units digit of v?
3
Suppose 47*o + 20438 = -31262. Let f = o - -2025. What is the tens digit of f?
2
Let h(f) = -4*f + 5*f**2 + 5 - 4*f**2 + f - 2*f. Let o be h(4). Let a(r) = 60*r**2 + 2. What is the tens digit of a(o)?
6
Let b(t) = 35*t - 45. Let m be b(14). Suppose -2*h + m = 75. Let l = 341 - h. What is the units digit of l?
6
Suppose -11*u + 280 = 5*r - 15*u, u = -4*r + 245. What is the tens digit of (9 + 1995/r)/(1/24)?
1
Suppose -14 - 1 = -5*z, -5*n - z + 18373 = 0. What is the hundreds digit of 150/100 + n/4?
9
Suppose -3*n - 25 + 31 = 0. Let d = 1 + 5. Suppose d*k - n*r = k + 635, -650 = -5*k + 5*r. What is the tens digit of k?
2
Suppose -t = -5*c - 316 - 9224, 0 = -2*t - 3*c + 19080. What is the thousands digit of t?
9
Let q = -535 - 410. Let u = -568 - q. What is the units digit of u?
7
Let u(g) = 4721*g - 6582. What is the thousands digit of u(3)?
7
Let d = -1585 + 3183. What is the tens digit of d?
9
Let w = -11033 - -29198. What is the units digit of w?
5
Let p(c) = 10*c - 121. Let d be p(-4). Let s = -87 - d. What is the tens digit of s?
7
Suppose 21*w - 332 - 172 = 0. Suppose -231 = -w*b + 13761. What is the tens digit of b?
8
Let v = 122 + -119. Suppose 3*i - 3026 = -v*y - 1055, 4*y - 1316 = -2*i. What is the tens digit of i?
5
Let f = 31334 + -4591. What is the ten thousands digit of f?
2
Let l(i) = 15768*i**2 + 156*i - 156. What is the units digit of l(1)?
8
Let w = -34 - -30. Let d = -13 - w. What is the units digit of 80/3*d/(-3)?
0
Suppose -4*j + 1031 = x - 5515, -5*x + 32730 = -5*j. What